and 447.
447
Calculate the highest common divisor of 11 and 860277.
11
Calculate the greatest common divisor of 2720 and 323.
17
Calculate the highest common factor of 21 and 50964.
3
Calculate the greatest common factor of 228 and 94356.
12
What is the greatest common factor of 40790 and 140?
10
Calculate the greatest common factor of 771956 and 472.
236
What is the highest common factor of 4125 and 575?
25
What is the greatest common factor of 10414 and 369?
41
Calculate the highest common divisor of 157929 and 2379.
183
What is the greatest common factor of 52776 and 72?
72
What is the greatest common divisor of 35025 and 83126?
467
Calculate the greatest common divisor of 108 and 14553.
27
Calculate the highest common divisor of 520 and 1887860.
260
What is the greatest common factor of 1740 and 14964?
348
Calculate the highest common divisor of 1173 and 13311.
51
Calculate the greatest common factor of 214224 and 48.
48
Calculate the highest common factor of 17822 and 247.
19
Calculate the greatest common factor of 3926 and 50434.
302
What is the greatest common divisor of 24 and 89298?
6
Calculate the highest common divisor of 7664 and 263450.
958
Calculate the greatest common factor of 126157 and 2896.
181
Calculate the highest common divisor of 693 and 178563.
231
Calculate the greatest common divisor of 209 and 33748.
11
What is the greatest common divisor of 72 and 39915?
9
Calculate the highest common factor of 1050 and 61005.
105
What is the greatest common factor of 39800 and 8?
8
Calculate the highest common divisor of 7252 and 7448.
196
What is the greatest common factor of 539434 and 11872?
742
Calculate the highest common divisor of 2072 and 5656.
56
Calculate the greatest common divisor of 10640 and 44.
4
Calculate the highest common factor of 40983 and 228.
57
What is the greatest common divisor of 4452 and 742530?
318
What is the greatest common divisor of 11355 and 7?
1
What is the highest common divisor of 27352 and 24722?
526
Calculate the greatest common factor of 3910 and 137530.
170
Calculate the highest common factor of 3441 and 9579.
93
Calculate the highest common divisor of 2691 and 31473.
117
What is the highest common divisor of 220001 and 19?
19
What is the greatest common divisor of 180 and 2736?
36
What is the greatest common factor of 1950 and 237770?
130
Calculate the greatest common divisor of 1260 and 275220.
180
What is the greatest common divisor of 1656790 and 1720?
430
Calculate the highest common divisor of 384 and 248896.
64
What is the highest common divisor of 31999 and 99?
11
Calculate the greatest common factor of 373 and 44.
1
What is the highest common divisor of 1512 and 1586760?
168
What is the highest common divisor of 700 and 11795?
35
What is the greatest common divisor of 1325 and 151262?
53
What is the greatest common factor of 132792 and 3234?
66
Calculate the greatest common divisor of 23381 and 206.
103
Calculate the greatest common factor of 1042060 and 280.
20
What is the highest common divisor of 272 and 301648?
272
What is the greatest common divisor of 43638 and 154?
14
Calculate the greatest common factor of 58 and 46168.
58
What is the greatest common divisor of 34 and 2578?
2
What is the highest common divisor of 10868 and 6292?
572
What is the greatest common divisor of 1770 and 388810?
590
What is the greatest common factor of 126888 and 1428?
204
Calculate the greatest common factor of 97755 and 7410.
285
What is the greatest common factor of 2224 and 107447?
139
Calculate the greatest common divisor of 437 and 1053607.
437
What is the greatest common factor of 14510 and 310?
10
Calculate the greatest common factor of 276737 and 113.
113
What is the greatest common divisor of 206496 and 64?
32
What is the greatest common divisor of 96048 and 1242?
414
Calculate the highest common factor of 3561276 and 12.
12
What is the highest common factor of 240 and 9880?
40
Calculate the greatest common factor of 232 and 45791.
29
What is the highest common factor of 10813621 and 91?
91
Calculate the highest common divisor of 24 and 729.
3
What is the greatest common divisor of 22825 and 110?
55
What is the highest common divisor of 1030 and 228248?
206
What is the highest common factor of 456 and 287850?
114
Calculate the highest common factor of 4745 and 1066.
13
Calculate the greatest common divisor of 96 and 50468.
4
Calculate the greatest common divisor of 74394 and 216.
18
What is the highest common divisor of 148 and 83102?
74
What is the highest common factor of 448 and 15904?
224
What is the greatest common divisor of 4017488 and 1544?
1544
Calculate the highest common divisor of 2340 and 5616.
468
What is the highest common divisor of 4851 and 77?
77
What is the highest common factor of 1731 and 61739?
577
Calculate the highest common divisor of 10131 and 528.
33
What is the greatest common factor of 1972078 and 134?
134
Calculate the greatest common factor of 2117 and 17197.
29
Calculate the greatest common factor of 204 and 100164.
204
Calculate the greatest common divisor of 415 and 2372555.
415
What is the greatest common divisor of 728 and 21554?
26
What is the greatest common divisor of 715280 and 80?
80
What is the highest common factor of 290 and 5485?
5
What is the greatest common factor of 4728 and 100?
4
Calculate the greatest common factor of 615 and 434190.
615
What is the greatest common divisor of 926542 and 1132?
566
Calculate the highest common factor of 1316 and 2084873.
329
What is the highest common factor of 1118 and 179482?
86
Calculate the highest common divisor of 3939250 and 10.
10
Calculate the highest common factor of 195048 and 5670.
1134
Calculate the greatest common divisor of 26556 and 5136.
12
What is the greatest common divisor of 192348 and 6318?
702
What is the greatest common divisor of 9798 and 2139?
69
What is the highest common divisor of 112 and 420?
28
What is the greatest common factor of 8 and 111016?
8
What is the greatest common factor of 473 and 3817?
11
Calculate the highest common factor of 1908 and 54.
18
What is the greatest common factor of 96 and 172320?
96
Calculate the greatest common divisor of 1639240 and 1712.
856
What is the greatest common factor of 183 and 68137?
61
What is the highest common factor of 12909 and 52?
13
What is the greatest common divisor of 452 and 2207794?
226
Calculate the highest common divisor of 2448 and 714.
102
Calculate the highest common divisor of 2166 and 95646.
114
Calculate the greatest common divisor of 30 and 4766.
2
What is the greatest common factor of 299 and 130686?
23
Calculate the highest common factor of 79679 and 86.
43
Calculate the highest common divisor of 4160 and 96408.
104
Calculate the greatest common factor of 441 and 164052.
441
Calculate the greatest common divisor of 13130 and 697203.
1313
What is the greatest common divisor of 303365 and 10320?
215
Calculate the highest common divisor of 23231 and 23855.
13
What is the highest common divisor of 190505 and 35?
35
Calculate the highest common factor of 6192 and 2007.
9
Calculate the greatest common divisor of 165032 and 7448.
392
What is the greatest common divisor of 178594 and 65?
13
What is the greatest common factor of 468 and 3393?
117
Calculate the highest common factor of 6970 and 3910.
170
What is the highest common factor of 461038 and 244?
122
What is the greatest common divisor of 640 and 344?
8
Calculate the highest common divisor of 1530 and 433755.
765
Calculate the greatest common factor of 123450 and 150.
150
What is the highest common divisor of 2315 and 5?
5
What is the greatest common factor of 1407 and 45108?
21
Calculate the highest common divisor of 3219956 and 4.
4
Calculate the greatest common factor of 185 and 122285.
185
Calculate the greatest common factor of 1883 and 1897.
7
Calculate the highest common divisor of 932577 and 114.
57
Calculate the greatest common divisor of 432 and 30042.
18
What is the greatest common divisor of 130272 and 6?
6
Calculate the highest common factor of 364 and 175.
7
Calculate the highest common factor of 208 and 56888.
104
What is the highest common factor of 3091 and 451?
11
Calculate the greatest common divisor of 690404 and 132.
44
Calculate the highe